- 1194. Suppose x = 4*w + 81. What is the tens digit of w?
3
What is the hundreds digit of 8 + 308/(-40) + 16482/60?
2
Suppose -x = -5*x - 644. Let m = x - -318. Suppose 0*f + 86 = 2*f - 2*r, 4*f + r = m. What is the tens digit of f?
4
What is the tens digit of ((-120)/(-70))/((-2)/(-1064))?
1
Suppose 0 = 7*c + 5*c - 120. Suppose 0 = -c*w + 422 - 72. What is the units digit of w?
5
Let a(b) be the second derivative of 5*b**4/3 - b**3/6 - 3*b**2/2 + 4*b. What is the tens digit of a(2)?
7
Let z = -12 - -14. Let f(u) = 41*u - 6. What is the tens digit of f(z)?
7
Let r = -22 - -25. Suppose r*v = -5*m + 155, -4*m - 4*v + 145 - 13 = 0. Let b = -5 + m. What is the tens digit of b?
2
Suppose 0 = -19*k + 23*k - 3476. What is the units digit of k?
9
Let k = -41 + 33. What is the tens digit of (-414)/(-24) - (-2)/k?
1
Let u(a) = 2*a**2 - 22*a - 3. What is the tens digit of u(-9)?
5
Suppose 0 = 20*c + 85 - 765. What is the units digit of c?
4
Let r = 696 + 964. What is the tens digit of r?
6
Suppose -17*u = -19*u + 2. Let d(p) = 30*p**2 + 1. What is the tens digit of d(u)?
3
Let r be 2*-1 + (-18)/(-18). What is the tens digit of (78 + 2 + r)*1?
7
Suppose 53*x - 64950 - 26475 = 0. What is the thousands digit of x?
1
Suppose -w + 461 - 1558 = -4*g, 0 = -5*g + 2*w + 1369. What is the units digit of g?
5
Suppose -3*p - 3*m = -5*m - 2359, 3*p - 2355 = 3*m. What is the hundreds digit of p?
7
Let l = -15 + -33. Let b = 59 + l. What is the tens digit of b?
1
Let f = -2591 - -4573. What is the hundreds digit of f?
9
Suppose 0 = 5*b - 5 - 10. Let t(d) = -1 + b - 14*d + 20*d + d**2. What is the units digit of t(-7)?
9
Suppose g - 3*b - 6 = 0, 2*g - 4*b - 5 = 3. What is the tens digit of 52 - (-1 - g)*-1?
5
Suppose 3*p = -3*i + 4*i - 2026, 5*i - 10210 = -p. What is the units digit of i?
1
Let z be (-99)/(-4) - (-3 + 15/4). Suppose -488 = -z*f + 16*f. What is the tens digit of f?
6
Let f(k) = -k**2 + 15. Let x be f(-5). Let w(n) = -3*n + 3. What is the units digit of w(x)?
3
Suppose 1268 = 3*s - 4*m, 5*s + m - 1673 = 471. What is the units digit of s?
8
Suppose 30*i - 22*i - 4568 = 0. What is the hundreds digit of i?
5
Let v(r) = 3*r**3 - 4*r**2 - 15*r + 5. What is the units digit of v(6)?
9
Let a = -625 - -1234. What is the hundreds digit of a?
6
Let t = 800 + -201. What is the hundreds digit of t?
5
Let o(b) = 10*b + 5. Let n be o(11). Suppose 3*r = -5*t - 1 + n, -5*t + 124 = -2*r. What is the tens digit of t?
2
Let h = 640 - -1486. What is the hundreds digit of h?
1
Suppose 0*u + 4*u = 0. Suppose u = -k - y - 3, -k - 6 = 2*y + 2. Suppose k*p + 128 = 6*p. What is the tens digit of p?
3
What is the thousands digit of (-168)/336 - (-9334)/4?
2
Suppose r = -3, -r - 7 = -4*o - 4*r. Suppose -o*h - 31 + 123 = 0. What is the units digit of h?
3
Let z(x) = 94*x**2 + 101*x - 13. What is the tens digit of z(-6)?
6
Let t(a) = a**3 + 6*a**2 - a - 4. Let o = 40 + -8. Let i = 26 - o. What is the units digit of t(i)?
2
Suppose x + x = -2*h + 70, 2*x = -5*h + 169. Let l be 1644/h - 2/(-11). Suppose d - 5 = -2*w, 2*d - 8*w + 4*w - l = 0. What is the units digit of d?
5
Let m be 2/5 + 90/25. Suppose -m*q = -2*q - 10. Suppose q*w + 4*t = 74 + 12, -3*t = 3*w - 51. What is the tens digit of w?
1
Let t(a) = -6*a**3 - a**2 - a - 1. Let o be t(-1). Suppose 3*w - 2*c + o*c = 705, -c - 1187 = -5*w. What is the hundreds digit of w?
2
Let k be (-4 - -4)*(0 - -1). Suppose k = 4*a - 147 + 19. What is the tens digit of a/176 + (-656)/(-22)?
3
Suppose -6*w + 4*f = -4*w - 834, 0 = -w - f + 414. What is the units digit of w?
5
Let x be ((-10)/15)/((-4)/(-978)). Let f = 506 + -275. Let d = x + f. What is the units digit of d?
8
Let f(g) = -15*g**2 - g - 14. Let a(h) = 8*h**2 + h + 7. Let y(p) = -7*a(p) - 4*f(p). What is the units digit of y(4)?
9
Let p = -2374 + 3666. Suppose 636 = 2*a + 4*l, -4*a = -l - l - p. What is the units digit of a?
2
Let v(p) = -163*p - 402. What is the tens digit of v(-6)?
7
What is the tens digit of (7396/14 - -2) + (-4)/14?
3
Let y(r) = r - 8. Let b be y(6). What is the tens digit of (8/12 + b/(-6))*83?
8
Let k be (4305/6)/(-7)*16/(-10). Let a = k - 10. What is the units digit of a?
4
Suppose -4*s + n - 5*n = -24, -5*s - n = -26. Let j(l) = -l - 1. Let u be j(s). What is the units digit of 16/6*u/(-8)?
2
Let j = -171 - -174. Suppose -3*w - 207 = -4*z + 178, 3*z - 276 = -2*w. Suppose -59 - z = -4*c + i, j*i = 2*c - 69. What is the units digit of c?
9
Suppose -6 - 12 = 3*g. Let j be (-3)/(g/(-2))*-14. Suppose j - 92 = -3*f + 3*t, f - 28 = 2*t. What is the tens digit of f?
2
Suppose 0 = -8*g + 40 - 0. Suppose 0 = -g*w - 368 + 1298. Suppose m - 7*m + w = 0. What is the units digit of m?
1
Let s be (-4)/(-34) - 8/68. Suppose -5*z = 2*n - 425, -5*z + s*n + n = -440. What is the units digit of z?
7
Suppose 0 = -0*d - 4*d. Suppose 2*t + 2*h - 38 = d, h - 8 = -2*t + 5*h. What is the tens digit of (-1166)/(-30) - t/(-105)?
3
Let r = -32 - -38. Let f(j) = j**2 - 3*j + 4. What is the units digit of f(r)?
2
Let l(o) = -2*o**3 - 11*o**2 - 8*o - 10. What is the tens digit of l(-8)?
7
Let l(o) = -38*o + 163. What is the tens digit of l(-10)?
4
Suppose -4*z - 8*w + 2684 = -6*w, -2*z = 4*w - 1336. What is the units digit of z?
2
Let l = 108 + 7. Suppose -765 = -4*j + l. Suppose 13*y - 8*y = j. What is the tens digit of y?
4
Let v = -57 - -60. Suppose 4*u - v*t = 6*u - 434, -888 = -4*u + 4*t. What is the hundreds digit of u?
2
Suppose 771 = -18*w + 62763. What is the thousands digit of w?
3
Suppose 0 = -5*z - 3*o + 250, 7*z - 168 = 3*z + 4*o. Suppose 5*u = -3*k + z, -91 = -5*k - 4*u + 2*u. What is the tens digit of k?
1
What is the hundreds digit of 8*((-4)/12)/((-2)/219)?
2
Suppose 28743 + 15332 = 25*f. What is the units digit of f?
3
Let s(b) = -93*b - 406. What is the tens digit of s(-36)?
4
What is the units digit of (-860)/(-2 - 0) + -2?
8
Let n(r) = -r**3 - 14*r**2 - 17*r + 19. Let o be n(-13). Let s = 113 - o. Let l = s + 1. What is the tens digit of l?
4
Suppose -u + t - 33 = 0, -2*t + 4 = -4*u - 124. Let w = 33 - u. What is the tens digit of w?
6
Let p = 79 - 16. Let m = -19 + p. What is the units digit of m?
4
Let a(q) = q**2 + 17*q + 4. Let f be a(-17). Suppose -2*i = -5*u + 3*i + 970, 5*i - 776 = -f*u. What is the hundreds digit of u?
1
Let l(o) = o**2 + 6*o + 3. Suppose 12*f - 16*f = 24. Let c be l(f). What is the units digit of (-18)/(-4 + c) + 2?
0
What is the thousands digit of (-6835 - 0)*-4*1/20?
1
Suppose -4*m = 4*f - 1648, -7*f + 4*f + 5*m = -1244. What is the hundreds digit of f?
4
Suppose 5*n + 4 = 24. Suppose 0 = -3*a + 4*b + 6, -a + 4*b - 2 = n. What is the units digit of a?
6
Let o(l) = 21*l**2 - 31*l - 13. What is the tens digit of o(-6)?
2
Let y(h) = h - 1. Let w be y(6). Let q(f) = -13*f + 3. Let v be q(-8). Suppose 5*c - w*g - 23 - v = 0, 5*g = -25. What is the units digit of c?
1
Suppose 178 = 4*k - 82. What is the tens digit of 1 + k + -3 - -2?
6
Suppose 3*m - 4*g = 6125, -g - 10497 = -5*m - 300. What is the thousands digit of m?
2
What is the units digit of -6*((-564)/9 - (-10)/15)?
2
Let l(a) be the third derivative of -1/30*a**5 + 0 + 1/60*a**6 + 0*a + 1/24*a**4 - 1/3*a**3 - 3*a**2. What is the units digit of l(2)?
8
Let a(d) = -d**2 + d + 26. Let o be a(0). What is the tens digit of (-3)/((-3)/o) - -2?
2
Suppose 26*z - 575 = 31*z. Let w = z + 405. What is the tens digit of w?
9
Let d(p) be the third derivative of p**6/120 - 3*p**5/20 - 5*p**4/8 - p**3/2 - 17*p**2. What is the units digit of d(11)?
4
Let k(b) = -b**3 + 5*b**2 + 4*b + 4. Let c be k(5). Suppose 4*r - c - 84 = -4*i, 5*r = -3*i + 83. Suppose i = f + 2. What is the units digit of f?
4
Let b = 1466 + 556. What is the hundreds digit of b?
0
Let f be (-9)/(-27) + (-17)/(-3). Suppose 197 + 37 = f*w. What is the units digit of w?
9
Let y(j) = -2*j**2 - 5*j + 7. Let w be y(-5). Let b be w/14 - 2/(-7). Let a(v) = -22*v**3 - v**2. What is the tens digit of a(b)?
2
Suppose 4*u = -x + 13841, -4*u + 0*x = -3*x - 13853. What is the thousands digit of u?
3
Let t(s) = -s**2 + 7*s + 3. Let x be t(6). Let m(y) = -y**3 - 7 - 10*y**2 - 11*y - 8*y**3 - y**3 + x*y**3. What is the tens digit of m(-9)?
1
Let f(w) = -6*w - 4. Let p be f(-4). Let b = 5 + p. Suppose 0 = 4*n - 7 - b. What is the units digit of n?
8
